mainder when 60 is divided by s.
6
Suppose -s = -3*v - 6, -s + 2*v + 4 + 1 = 0. Suppose 0 = 3*h - s*a - 12 - 15, -2*h + 5*a + 21 = 0. Calculate the remainder when 63 is divided by h.
7
Let y(z) = z - 3. Let t = -10 + 21. Calculate the remainder when 18 is divided by y(t).
2
Let w = -2 + 22. Suppose 3*v = 7*v + 3*l - 64, 3*l = -2*v + 32. Suppose -v = -5*p + 19. What is the remainder when w is divided by p?
6
Let a = -46 - -27. Let s(i) = i**3 + 20*i**2 + 17*i - 24. Suppose 0 = 2*l - 4*l + 80. Calculate the remainder when l is divided by s(a).
12
Let v(w) = 12*w + 545. What is the remainder when v(-32) is divided by 95?
66
Let u(j) = 3*j**3. Let q be u(1). Calculate the remainder when 50 is divided by (-133)/(-7 + 0) - (1 + q).
5
Suppose -2*u + 60 = -6*h + 7*h, -2*h = 5*u - 125. What is the remainder when 198 is divided by h?
48
Suppose 3*x = 3*h - 10 + 283, 6 = -2*h. Suppose -66*s = -13*s - 795. What is the remainder when x is divided by s?
13
Let b(p) = -p**3 + 8*p**2 + 5*p - 38. What is the remainder when b(7) is divided by 16?
14
Let y(z) = 9*z + 90. Calculate the remainder when 568 is divided by y(6).
136
Let z(q) = 2*q + 19. Let l be z(-8). Suppose -4*c = l*c - 189. What is the remainder when c is divided by 15?
12
Let d = 13 - 9. Suppose -d*f + 3 = -5. Suppose -5*j = -2*n - 105, 0 = -0*j + 2*j + f*n - 28. Calculate the remainder when j is divided by 11.
8
Suppose 2*j = 4*w - 2*j - 36, -27 = -3*w + 2*j. Suppose -z + 73 = -2*i, 10*z - 6*z + 4*i - 280 = 0. Calculate the remainder when z is divided by w.
8
Let s = -11 + 73. Calculate the remainder when 120 is divided by s.
58
Suppose 79 = 3*t - 5. Suppose -t = -4*o + 40. What is the remainder when 135 is divided by o?
16
Suppose -10*t + 95 = -55. Suppose -l + t = -h, 2*l = -3*h + 4*h + 31. What is the remainder when 22 is divided by l?
6
Suppose 4*n - 2*n - 2*v = 6, -5*v - 23 = -n. Let f = n - -6. Calculate the remainder when f is divided by 30/8 + (-6)/(-24).
0
Let m be (-90)/(-20)*4/3. Suppose -m*u = 26 + 28. What is the remainder when 82 is divided by (15 - u) + (-3)/1?
19
Suppose 5*s = 4*g - 390 - 2229, -s - 1305 = -2*g. Calculate the remainder when g is divided by 213.
12
Suppose 7*w - 12 = 4*w. Suppose -2*u - 43 = -3*s, 2*s - 23 + 5 = -w*u. Calculate the remainder when 53 + 3*6/(-9) is divided by s.
12
Suppose 16 - 13 = -o. Let p be -1*1*(o + 46). Let n = -10 - p. What is the remainder when 131 is divided by n?
32
Let q be ((-8)/(-10))/(12/(-210)). Let z = q - -14. Suppose 2*y + 5*s = 78, 3*y + 3*s - 57 - 51 = z. What is the remainder when y is divided by 12?
10
Let m = -692 - -728. What is the remainder when 131 is divided by m?
23
Suppose 4*y - 21 = d, -11*d + 18 = 5*y - 15*d. Calculate the remainder when 167 is divided by y.
5
Let a(n) = -n**2 + 8*n - 1. Suppose -2*t - t = 0. Let d(v) = -v**2 - 3*v + 7. Let q be d(t). What is the remainder when a(q) is divided by 3?
0
Let c(p) = -p**3 - 40*p**2 - 7*p - 66. What is the remainder when c(-40) is divided by 56?
46
Let a be (-16)/(-56) + 150/14. Let y = a - -8. Calculate the remainder when y is divided by 8.
3
Suppose -3*r = 12, -76 = -2*d - 3*r + 7*r. Calculate the remainder when 146 is divided by d.
26
Let l = 5 + -1. Suppose 0 = 4*i - 53 - 55. Calculate the remainder when i is divided by l.
3
Let l(d) = d**3 + 9*d**2 + 5*d - 52. What is the remainder when 76 is divided by l(-6)?
24
Suppose 6 = 5*a - 94. Suppose -4*h + 3*k + a = k, 0 = 3*h + 3*k - 6. Calculate the remainder when h is divided by 3.
1
Let a = -24 - -40. Let r(n) = n**2 - n + 43. Calculate the remainder when r(0) is divided by a.
11
Let d = 107 + -94. Suppose i = -30 + 67. What is the remainder when i is divided by d?
11
What is the remainder when 184 is divided by (-5)/2*496/(-20)?
60
Suppose 1275 = 247*y - 230*y. What is the remainder when 598 is divided by y?
73
Suppose 7*w - 6*w = 23. Calculate the remainder when 73 is divided by w.
4
Suppose s = 2*s + 10. Suppose 293*h = 286*h + 357. Calculate the remainder when h is divided by ((-18)/5)/(2/s).
15
Suppose 2*h - 334 = -2*z, 15*h + 167 = 16*h + 2*z. Calculate the remainder when 991 is divided by h.
156
Let b = 15 + -29. Suppose -25 = -i - 3*t, -4*t = 3*i - 2*t - 103. Calculate the remainder when i is divided by -1 - (-2 - -2) - b.
11
Let h(x) be the first derivative of -5*x**2/2 - 4*x + 1. Calculate the remainder when h(-9) is divided by 11.
8
Let z be ((-33)/3*1)/1. Let x(b) = -b**3 - 11*b**2 - 3*b - 7. What is the remainder when x(z) is divided by 15?
11
Let b = 1503 + -1459. Calculate the remainder when 171 is divided by b.
39
Let w(q) = 4*q + 141. Calculate the remainder when w(5) is divided by 42.
35
Suppose 0 = 2*r + 10, 2*r = -9*u + 13*u - 826. What is the remainder when u is divided by 56?
36
Suppose -3*c - 2*p + 285 = 0, -2*c + 0*p = -3*p - 203. What is the remainder when 871 is divided by c?
95
Let r = -4 - -19. Calculate the remainder when 9 + -3 + -3 - 7 - -63 is divided by r.
14
Let n = -100 + 58. Let t(i) = -i**3 + 2*i - 5. Let v be t(-2). Calculate the remainder when 62 is divided by (v - 6)*n/14.
20
Let a be (-20 - -22) + (1 - (-4)/(-2)). Let y(g) = g**3 - g**2 - 5*g + 1. Let j be y(4). Suppose a = 5*l - j. What is the remainder when 15 is divided by l?
3
Suppose -4*n = -66 - 38. Let r(v) = -2*v**2 + 52*v + 7. What is the remainder when 19 is divided by r(n)?
5
Let v(x) = x**3 - 10*x**2 - 24*x + 15. Let p = 7 + -2. What is the remainder when v(12) is divided by p?
0
Suppose 4*k = -0*k + 4. Suppose 4*g - 20 = -w, g = -2*w - 3 + k. Suppose i = 5*n + 29, 5*n = -201 + 181. Calculate the remainder when i is divided by g.
3
Let d(r) = 4*r - 22. Let b be d(-5). Calculate the remainder when (-2*46/8)/(b/84) is divided by 6.
5
Calculate the remainder when 766/5*(-225)/(-90) is divided by 55.
53
What is the remainder when 51 is divided by (-10 - 82/(-6))*3?
7
Calculate the remainder when -6 + (4 - 1) + 62 + 8 is divided by 40.
27
Suppose -13*h - 130 = -18*h. Let b be 12/(-24) + h/4. Suppose -3*x + 38 = -4*m, 0*m + b = -3*m. What is the remainder when x is divided by 4?
2
Let l be ((-4 - -5) + 1)*1. Suppose -q - 2*q - l*w = -77, -3*q + 89 = -4*w. What is the remainder when q is divided by 4?
3
Suppose 0 = -6*b + 11 + 37. Let f(m) = 2*m - 3. Let o be f(4). Suppose 4*v - 39 = o*r + 38, 0 = -r + 3. Calculate the remainder when v is divided by b.
7
Let h(x) = -x**2 + 7*x + 13. Let o be h(8). Suppose 0 = m + 2*s - 83, -m - 318 = -o*m - s. What is the remainder when m is divided by 21?
16
Let a(o) = o**2 + 5*o + 3. Let i be a(-5). Suppose 0*g + i*g = 9. Suppose 0 = -7*m + g*m + 60. Calculate the remainder when 28 is divided by m.
13
Let a(b) = b**3 + 12*b**2 + 8*b - 11. Let s be a(-11). Let f = s - 32. Let o = -8 - f. Calculate the remainder when 4 is divided by o.
0
Suppose -5*r - 5*s - 2 = -102, -3*r + 39 = -4*s. Suppose r*c - 14*c = 51. What is the remainder when c is divided by 3*(-4)/(-3) - -1?
2
Let m(j) = 7*j - 20. Let i(h) = h**2 + 6*h - 11. Let z be i(-8). What is the remainder when 29 is divided by m(z)?
14
Suppose 1 = -n - 3. Suppose -38*k - 28 = -31*k. What is the remainder when (k - -1 - n) + 49 is divided by 13?
11
Let f = 222 + -153. Let t = 1 + f. Suppose -14 = 4*d - t. Calculate the remainder when 25 is divided by d.
11
Suppose -7*q + 882 = -49. What is the remainder when q is divided by 36?
25
Let m = 59 + -174. Let j = m - -179. Suppose j = b + 5*l, -2*l + 82 = b + 21. Calculate the remainder when b is divided by 15.
14
Suppose 4*u - 91 = -2*k + 3653, 5*u = -5*k + 4680. Calculate the remainder when u is divided by 134.
132
Calculate the remainder when -1 + 5/(-10) - (-375)/6 is divided by 31.
30
Let u(q) = -q + 6. Let v(a) = 3*a - 10*a**2 + 15*a + 17*a**2 - 4 - 6*a**2. Calculate the remainder when v(-19) is divided by u(0).
3
Let w(v) = -v**3 + 14*v**2 - 9*v - 16. Calculate the remainder when 250 is divided by w(13).
34
Suppose 3*s + 28 = 5*s. Suppose 0*c + 14 = -2*c. Calculate the remainder when s is divided by c/(-28) + 19/4.
4
What is the remainder when 195 + 0 + (2 - 3) is divided by 68?
58
Let j(m) = -87*m - 151. Calculate the remainder when j(-2) is divided by (3 - -2)*(-12)/(-5).
11
Let g be (1/(-2) + 0)*0. Let p(c) = 133*c**3 + c + 5 + 16 - 132*c**3. What is the remainder when p(g) is divi